{"version":"1.0","provider_name":"Tallinna Ettev\u00f5tlusinkubaator","provider_url":"https:\/\/inkubaator.tallinn.ee\/en\/","title":"Suveakadeemia 2023 - Tallinna Ettev\u00f5tlusinkubaator","type":"rich","width":600,"height":338,"html":"<blockquote class=\"wp-embedded-content\" data-secret=\"OBlDTPUwyL\"><a href=\"https:\/\/inkubaator.tallinn.ee\/en\/events\/suveakadeemia-2023\/\">Suveakadeemia 2023<\/a><\/blockquote><iframe sandbox=\"allow-scripts\" security=\"restricted\" src=\"https:\/\/inkubaator.tallinn.ee\/en\/events\/suveakadeemia-2023\/embed\/#?secret=OBlDTPUwyL\" width=\"600\" height=\"338\" title=\"&#8220;Suveakadeemia 2023&#8221; &#8212; Tallinna Ettev\u00f5tlusinkubaator\" data-secret=\"OBlDTPUwyL\" frameborder=\"0\" marginwidth=\"0\" marginheight=\"0\" scrolling=\"no\" class=\"wp-embedded-content\"><\/iframe><script type=\"text\/javascript\">\n\/* <![CDATA[ *\/\n\/*! This file is auto-generated *\/\n!function(d,l){\"use strict\";l.querySelector&&d.addEventListener&&\"undefined\"!=typeof URL&&(d.wp=d.wp||{},d.wp.receiveEmbedMessage||(d.wp.receiveEmbedMessage=function(e){var t=e.data;if((t||t.secret||t.message||t.value)&&!\/[^a-zA-Z0-9]\/.test(t.secret)){for(var s,r,n,a=l.querySelectorAll('iframe[data-secret=\"'+t.secret+'\"]'),o=l.querySelectorAll('blockquote[data-secret=\"'+t.secret+'\"]'),c=new RegExp(\"^https?:$\",\"i\"),i=0;i<o.length;i++)o[i].style.display=\"none\";for(i=0;i<a.length;i++)s=a[i],e.source===s.contentWindow&&(s.removeAttribute(\"style\"),\"height\"===t.message?(1e3<(r=parseInt(t.value,10))?r=1e3:~~r<200&&(r=200),s.height=r):\"link\"===t.message&&(r=new URL(s.getAttribute(\"src\")),n=new URL(t.value),c.test(n.protocol))&&n.host===r.host&&l.activeElement===s&&(d.top.location.href=t.value))}},d.addEventListener(\"message\",d.wp.receiveEmbedMessage,!1),l.addEventListener(\"DOMContentLoaded\",function(){for(var e,t,s=l.querySelectorAll(\"iframe.wp-embedded-content\"),r=0;r<s.length;r++)(t=(e=s[r]).getAttribute(\"data-secret\"))||(t=Math.random().toString(36).substring(2,12),e.src+=\"#?secret=\"+t,e.setAttribute(\"data-secret\",t)),e.contentWindow.postMessage({message:\"ready\",secret:t},\"*\")},!1)))}(window,document);\n\/\/# sourceURL=https:\/\/inkubaator.tallinn.ee\/wp-includes\/js\/wp-embed.min.js\n\/* ]]> *\/\n<\/script>\n","thumbnail_url":"https:\/\/inkubaator.tallinn.ee\/wp-content\/uploads\/2023\/06\/Suveakadeemia-2023-3-700x394.png","thumbnail_width":700,"thumbnail_height":394,"description":"Hea meel on Sind kutsuda traditsioonilisse Suveakadeemiassse, mis leiab aset 15.-16.augustil J\u00e4rveveerel, Viljandimaal. &nbsp; Suveakadeemias kohtuvad inkubaatorid, teaduspargid ja ettev\u00f5tted \u00fcle Eesti. Inkubaatorite ja teadusparkide poolt kokku pandud inspireeriva ning mitmek\u00fclgse programmi peateema on sellel aastal &#8220;Ringmajanduse tulevikum\u00f5jutajad.&#8221; AJAKAVA\u00a0 15.08 10.00-10.30 Saabumine ja hommikukohv 10.30-11.00 Tere tulemast k\u00f5ned ja j\u00e4llen\u00e4gemise r\u00f5\u00f5m 11.00-12.00 Tartu Teaduspark: Droonide eluslabor (Pirko Konsa, Tartu Teaduspak) Sirutuspaus 12.10-13.10\u00a0Tartu Loomemajanduskeskus: Roheline filmitootmine ( K\u00fclli Hansen, Tartu Filmifondi juht; Olga Hart\u0161uk, Nafta Films) 13.10-14.10 L\u00f5unapaus 14.10-15.10 Tartu Biotehnoloogia Park: Toiduinnovatsioon (Kaire Rajaver, Nordictempeh O\u00dc; Airi Kaasik, Tartu Biotehnoloogiapark; Ave Porkon Foodsharing Tartu) 15.15-16.15 Tehnopol: Ringmajanduse m\u00fc\u00fctide murdmine (Ragmar\u2026"}

Tallinna Ettevõtlusinkubaator

Suveakadeemia 2023 - Tallinna Ettevõtlusinkubaator

<blockquote class="wp-embedded-content" data-secret="OBlDTPUwyL"><a href="https://inkubaator.tallinn.ee/en/events/suveakadeemia-2023/">Suveakadeemia 2023</a></blockquote><iframe sandbox="allow-scripts" security="restricted" src="https://inkubaator.tallinn.ee/en/events/suveakadeemia-2023/embed/#?secret=OBlDTPUwyL" width="600" height="338" title="&#8220;Suveakadeemia 2023&#8221; &#8212; Tallinna Ettevõtlusinkubaator" data-secret="OBlDTPUwyL" frameborder="0" marginwidth="0" marginheight="0" scrolling="no" class="wp-embedded-content"></iframe><script type="text/javascript">
/* <![CDATA[ */
/*! This file is auto-generated */
!function(d,l){"use strict";l.querySelector&&d.addEventListener&&"undefined"!=typeof URL&&(d.wp=d.wp||{},d.wp.receiveEmbedMessage||(d.wp.receiveEmbedMessage=function(e){var t=e.data;if((t||t.secret||t.message||t.value)&&!/[^a-zA-Z0-9]/.test(t.secret)){for(var s,r,n,a=l.querySelectorAll('iframe[data-secret="'+t.secret+'"]'),o=l.querySelectorAll('blockquote[data-secret="'+t.secret+'"]'),c=new RegExp("^https?:$","i"),i=0;i<o.length;i++)o[i].style.display="none";for(i=0;i<a.length;i++)s=a[i],e.source===s.contentWindow&&(s.removeAttribute("style"),"height"===t.message?(1e3<(r=parseInt(t.value,10))?r=1e3:~~r<200&&(r=200),s.height=r):"link"===t.message&&(r=new URL(s.getAttribute("src")),n=new URL(t.value),c.test(n.protocol))&&n.host===r.host&&l.activeElement===s&&(d.top.location.href=t.value))}},d.addEventListener("message",d.wp.receiveEmbedMessage,!1),l.addEventListener("DOMContentLoaded",function(){for(var e,t,s=l.querySelectorAll("iframe.wp-embedded-content"),r=0;r<s.length;r++)(t=(e=s[r]).getAttribute("data-secret"))||(t=Math.random().toString(36).substring(2,12),e.src+="#?secret="+t,e.setAttribute("data-secret",t)),e.contentWindow.postMessage({message:"ready",secret:t},"*")},!1)))}(window,document);
//# sourceURL=https://inkubaator.tallinn.ee/wp-includes/js/wp-embed.min.js
/* ]]> */
</script>

Hea meel on Sind kutsuda traditsioonilisse Suveakadeemiassse, mis leiab aset 15.-16.augustil Järveveerel, Viljandimaal. &nbsp; Suveakadeemias kohtuvad inkubaatorid, teaduspargid ja ettevõtted üle Eesti. Inkubaatorite ja teadusparkide poolt kokku pandud inspireeriva ning mitmekülgse programmi peateema on sellel aastal &#8220;Ringmajanduse tulevikumõjutajad.&#8221; AJAKAVA  15.08 10.00-10.30 Saabumine ja hommikukohv 10.30-11.00 Tere tulemast kõned ja jällenägemise rõõm 11.00-12.00 Tartu Teaduspark: Droonide eluslabor (Pirko Konsa, Tartu Teaduspak) Sirutuspaus 12.10-13.10 Tartu Loomemajanduskeskus: Roheline filmitootmine ( Külli Hansen, Tartu Filmifondi juht; Olga Hartšuk, Nafta Films) 13.10-14.10 Lõunapaus 14.10-15.10 Tartu Biotehnoloogia Park: Toiduinnovatsioon (Kaire Rajaver, Nordictempeh OÜ; Airi Kaasik, Tartu Biotehnoloogiapark; Ave Porkon Foodsharing Tartu) 15.15-16.15 Tehnopol: Ringmajanduse müütide murdmine (Ragmar…
